{"id":301,"date":"2023-03-22T08:11:46","date_gmt":"2023-03-22T08:11:46","guid":{"rendered":"http:\/\/www.rekbyt.cz\/?page_id=301"},"modified":"2024-09-10T13:18:25","modified_gmt":"2024-09-10T13:18:25","slug":"rekonstrukce-1kk","status":"publish","type":"page","link":"https:\/\/www.rekbyt.cz\/index.php\/rekonstrukce-1kk\/","title":{"rendered":"Rekonstrukce 1+kk"},"content":{"rendered":"\n<p class=\"has-text-align-center\">Zde prob\u011bhla kompletn\u00ed rekonstrukce bytu. V\u00fdm\u011bna elektrick\u00fdch rozvod\u016f dle aktu\u00e1ln\u00edch p\u0159edpis\u016f a norem v\u010detn\u011b vy\u0159\u00edzen\u00ed nav\u00fd\u0161en\u00ed hodnoty hlavn\u00edho jisti\u010de. N\u00e1hrada \u017eelezn\u00e9ho vodovodn\u00edho potrub\u00ed za PPR. N\u00e1hrada plynov\u00e9ho topen\u00ed WAF za \u00fast\u0159edn\u00ed topen\u00ed vyt\u00e1p\u011bn\u00e9 plynov\u00fdm kotlem. Nov\u00e9 om\u00edtky, v\u00fdmalba, pokl\u00e1dka PVC, dla\u017eby, plovouc\u00ed podlahy, rekonstrukce koupelny a WC.<\/p>\n\n\n\n<p class=\"has-text-align-center\"><\/p>\n\n\n\n<h2 class=\"wp-block-heading\">Koupelna<\/h2>\n\n\n\n<div class=\"wp-block-columns is-layout-flex wp-container-5\">\n<div class=\"wp-block-column is-layout-flow\">\n<figure class=\"wp-block-image size-large is-resized\"><img decoding=\"async\" loading=\"lazy\" src=\"https:\/\/www.rekbyt.cz\/wp-content\/uploads\/2023\/11\/IMG_3032-1024x768.jpg\" alt=\"\" class=\"wp-image-486\" width=\"215\" height=\"161\" srcset=\"https:\/\/www.rekbyt.cz\/wp-content\/uploads\/2023\/11\/IMG_3032-1024x768.jpg 1024w, https:\/\/www.rekbyt.cz\/wp-content\/uploads\/2023\/11\/IMG_3032-300x225.jpg 300w, https:\/\/www.rekbyt.cz\/wp-content\/uploads\/2023\/11\/IMG_3032-768x576.jpg 768w, https:\/\/www.rekbyt.cz\/wp-content\/uploads\/2023\/11\/IMG_3032-1536x1152.jpg 1536w, https:\/\/www.rekbyt.cz\/wp-content\/uploads\/2023\/11\/IMG_3032-2048x1536.jpg 2048w, https:\/\/www.rekbyt.cz\/wp-content\/uploads\/2023\/11\/IMG_3032-1200x900.jpg 1200w, https:\/\/www.rekbyt.cz\/wp-content\/uploads\/2023\/11\/IMG_3032-1980x1485.jpg 1980w\" sizes=\"(max-width: 215px) 100vw, 215px\" \/><\/figure>\n<\/div>\n\n\n\n<div class=\"wp-block-column is-layout-flow\">\n<figure class=\"wp-block-image size-large\"><img decoding=\"async\" loading=\"lazy\" width=\"768\" height=\"1024\" src=\"https:\/\/www.rekbyt.cz\/wp-content\/uploads\/2023\/11\/20160323_173714-768x1024.jpg\" alt=\"\" class=\"wp-image-487\" srcset=\"https:\/\/www.rekbyt.cz\/wp-content\/uploads\/2023\/11\/20160323_173714-768x1024.jpg 768w, https:\/\/www.rekbyt.cz\/wp-content\/uploads\/2023\/11\/20160323_173714-225x300.jpg 225w, https:\/\/www.rekbyt.cz\/wp-content\/uploads\/2023\/11\/20160323_173714-1152x1536.jpg 1152w, https:\/\/www.rekbyt.cz\/wp-content\/uploads\/2023\/11\/20160323_173714-1200x1600.jpg 1200w, https:\/\/www.rekbyt.cz\/wp-content\/uploads\/2023\/11\/20160323_173714.jpg 1536w\" sizes=\"(max-width: 768px) 100vw, 768px\" \/><\/figure>\n<\/div>\n\n\n\n<div class=\"wp-block-column is-layout-flow\">\n<figure class=\"wp-block-image size-large\"><img decoding=\"async\" loading=\"lazy\" width=\"768\" height=\"1024\" src=\"https:\/\/www.rekbyt.cz\/wp-content\/uploads\/2023\/11\/20160525_182852-1-768x1024.jpg\" alt=\"\" class=\"wp-image-490\" srcset=\"https:\/\/www.rekbyt.cz\/wp-content\/uploads\/2023\/11\/20160525_182852-1-768x1024.jpg 768w, https:\/\/www.rekbyt.cz\/wp-content\/uploads\/2023\/11\/20160525_182852-1-225x300.jpg 225w, https:\/\/www.rekbyt.cz\/wp-content\/uploads\/2023\/11\/20160525_182852-1-1152x1536.jpg 1152w, https:\/\/www.rekbyt.cz\/wp-content\/uploads\/2023\/11\/20160525_182852-1-1200x1600.jpg 1200w, https:\/\/www.rekbyt.cz\/wp-content\/uploads\/2023\/11\/20160525_182852-1.jpg 1536w\" sizes=\"(max-width: 768px) 100vw, 768px\" \/><\/figure>\n<\/div>\n\n\n\n<div class=\"wp-block-column is-layout-flow\">\n<figure class=\"wp-block-image size-large is-resized\"><img decoding=\"async\" loading=\"lazy\" src=\"https:\/\/www.rekbyt.cz\/wp-content\/uploads\/2023\/11\/20160527_173819-1024x768.jpg\" alt=\"\" class=\"wp-image-491\" width=\"216\" height=\"162\" srcset=\"https:\/\/www.rekbyt.cz\/wp-content\/uploads\/2023\/11\/20160527_173819-1024x768.jpg 1024w, https:\/\/www.rekbyt.cz\/wp-content\/uploads\/2023\/11\/20160527_173819-300x225.jpg 300w, https:\/\/www.rekbyt.cz\/wp-content\/uploads\/2023\/11\/20160527_173819-768x576.jpg 768w, https:\/\/www.rekbyt.cz\/wp-content\/uploads\/2023\/11\/20160527_173819-1536x1152.jpg 1536w, https:\/\/www.rekbyt.cz\/wp-content\/uploads\/2023\/11\/20160527_173819-1200x900.jpg 1200w, https:\/\/www.rekbyt.cz\/wp-content\/uploads\/2023\/11\/20160527_173819-1980x1485.jpg 1980w, https:\/\/www.rekbyt.cz\/wp-content\/uploads\/2023\/11\/20160527_173819.jpg 2048w\" sizes=\"(max-width: 216px) 100vw, 216px\" \/><\/figure>\n<\/div>\n<\/div>\n\n\n\n<div class=\"wp-block-columns is-layout-flex wp-container-9\">\n<div class=\"wp-block-column is-layout-flow\">\n<figure class=\"wp-block-image size-large\"><img decoding=\"async\" loading=\"lazy\" width=\"768\" height=\"1024\" src=\"https:\/\/www.rekbyt.cz\/wp-content\/uploads\/2023\/11\/20160524_182523-768x1024.jpg\" alt=\"\" class=\"wp-image-494\" srcset=\"https:\/\/www.rekbyt.cz\/wp-content\/uploads\/2023\/11\/20160524_182523-768x1024.jpg 768w, https:\/\/www.rekbyt.cz\/wp-content\/uploads\/2023\/11\/20160524_182523-225x300.jpg 225w, https:\/\/www.rekbyt.cz\/wp-content\/uploads\/2023\/11\/20160524_182523-1152x1536.jpg 1152w, https:\/\/www.rekbyt.cz\/wp-content\/uploads\/2023\/11\/20160524_182523-1200x1600.jpg 1200w, https:\/\/www.rekbyt.cz\/wp-content\/uploads\/2023\/11\/20160524_182523.jpg 1536w\" sizes=\"(max-width: 768px) 100vw, 768px\" \/><\/figure>\n<\/div>\n\n\n\n<div class=\"wp-block-column is-layout-flow\">\n<figure class=\"wp-block-image size-large\"><img decoding=\"async\" loading=\"lazy\" width=\"768\" height=\"1024\" src=\"https:\/\/www.rekbyt.cz\/wp-content\/uploads\/2023\/11\/20160525_182809-768x1024.jpg\" alt=\"\" class=\"wp-image-493\" srcset=\"https:\/\/www.rekbyt.cz\/wp-content\/uploads\/2023\/11\/20160525_182809-768x1024.jpg 768w, https:\/\/www.rekbyt.cz\/wp-content\/uploads\/2023\/11\/20160525_182809-225x300.jpg 225w, https:\/\/www.rekbyt.cz\/wp-content\/uploads\/2023\/11\/20160525_182809-1152x1536.jpg 1152w, https:\/\/www.rekbyt.cz\/wp-content\/uploads\/2023\/11\/20160525_182809-1200x1600.jpg 1200w, https:\/\/www.rekbyt.cz\/wp-content\/uploads\/2023\/11\/20160525_182809.jpg 1536w\" sizes=\"(max-width: 768px) 100vw, 768px\" \/><\/figure>\n<\/div>\n\n\n\n<div class=\"wp-block-column is-layout-flow\">\n<figure class=\"wp-block-image size-large\"><img decoding=\"async\" loading=\"lazy\" width=\"768\" height=\"1024\" src=\"https:\/\/www.rekbyt.cz\/wp-content\/uploads\/2023\/11\/20161010_191331-768x1024.jpg\" alt=\"\" class=\"wp-image-492\" srcset=\"https:\/\/www.rekbyt.cz\/wp-content\/uploads\/2023\/11\/20161010_191331-768x1024.jpg 768w, https:\/\/www.rekbyt.cz\/wp-content\/uploads\/2023\/11\/20161010_191331-225x300.jpg 225w, https:\/\/www.rekbyt.cz\/wp-content\/uploads\/2023\/11\/20161010_191331-1152x1536.jpg 1152w, https:\/\/www.rekbyt.cz\/wp-content\/uploads\/2023\/11\/20161010_191331-1200x1600.jpg 1200w, https:\/\/www.rekbyt.cz\/wp-content\/uploads\/2023\/11\/20161010_191331.jpg 1536w\" sizes=\"(max-width: 768px) 100vw, 768px\" \/><\/figure>\n<\/div>\n<\/div>\n\n\n\n<figure class=\"wp-block-image size-large is-resized\"><img decoding=\"async\" loading=\"lazy\" src=\"https:\/\/www.rekbyt.cz\/wp-content\/uploads\/2023\/11\/20161010_191313-1024x768.jpg\" alt=\"\" class=\"wp-image-496\" width=\"603\" height=\"452\" srcset=\"https:\/\/www.rekbyt.cz\/wp-content\/uploads\/2023\/11\/20161010_191313-1024x768.jpg 1024w, https:\/\/www.rekbyt.cz\/wp-content\/uploads\/2023\/11\/20161010_191313-300x225.jpg 300w, https:\/\/www.rekbyt.cz\/wp-content\/uploads\/2023\/11\/20161010_191313-768x576.jpg 768w, https:\/\/www.rekbyt.cz\/wp-content\/uploads\/2023\/11\/20161010_191313-1536x1152.jpg 1536w, https:\/\/www.rekbyt.cz\/wp-content\/uploads\/2023\/11\/20161010_191313-1200x900.jpg 1200w, https:\/\/www.rekbyt.cz\/wp-content\/uploads\/2023\/11\/20161010_191313-1980x1485.jpg 1980w, https:\/\/www.rekbyt.cz\/wp-content\/uploads\/2023\/11\/20161010_191313.jpg 2048w\" sizes=\"(max-width: 603px) 100vw, 603px\" \/><\/figure>\n\n\n\n<h2 class=\"wp-block-heading\">Kuchy\u0148<\/h2>\n\n\n\n<div class=\"wp-block-columns is-layout-flex wp-container-13\">\n<div class=\"wp-block-column is-layout-flow\">\n<figure class=\"wp-block-image size-large is-resized\"><img decoding=\"async\" loading=\"lazy\" src=\"https:\/\/www.rekbyt.cz\/wp-content\/uploads\/2023\/11\/P5140268-1024x576.jpg\" alt=\"\" class=\"wp-image-511\" width=\"210\" height=\"118\" srcset=\"https:\/\/www.rekbyt.cz\/wp-content\/uploads\/2023\/11\/P5140268-1024x576.jpg 1024w, https:\/\/www.rekbyt.cz\/wp-content\/uploads\/2023\/11\/P5140268-300x169.jpg 300w, https:\/\/www.rekbyt.cz\/wp-content\/uploads\/2023\/11\/P5140268-768x432.jpg 768w, https:\/\/www.rekbyt.cz\/wp-content\/uploads\/2023\/11\/P5140268-1536x864.jpg 1536w, https:\/\/www.rekbyt.cz\/wp-content\/uploads\/2023\/11\/P5140268-1200x675.jpg 1200w, https:\/\/www.rekbyt.cz\/wp-content\/uploads\/2023\/11\/P5140268.jpg 1920w\" sizes=\"(max-width: 210px) 100vw, 210px\" \/><\/figure>\n<\/div>\n\n\n\n<div class=\"wp-block-column is-layout-flow\">\n<figure class=\"wp-block-image size-large\"><img decoding=\"async\" loading=\"lazy\" width=\"1024\" height=\"768\" src=\"https:\/\/www.rekbyt.cz\/wp-content\/uploads\/2023\/11\/20160426_202039-1-1024x768.jpg\" alt=\"\" class=\"wp-image-512\" srcset=\"https:\/\/www.rekbyt.cz\/wp-content\/uploads\/2023\/11\/20160426_202039-1-1024x768.jpg 1024w, https:\/\/www.rekbyt.cz\/wp-content\/uploads\/2023\/11\/20160426_202039-1-300x225.jpg 300w, https:\/\/www.rekbyt.cz\/wp-content\/uploads\/2023\/11\/20160426_202039-1-768x576.jpg 768w, https:\/\/www.rekbyt.cz\/wp-content\/uploads\/2023\/11\/20160426_202039-1-1536x1152.jpg 1536w, https:\/\/www.rekbyt.cz\/wp-content\/uploads\/2023\/11\/20160426_202039-1-1200x900.jpg 1200w, https:\/\/www.rekbyt.cz\/wp-content\/uploads\/2023\/11\/20160426_202039-1-1980x1485.jpg 1980w, https:\/\/www.rekbyt.cz\/wp-content\/uploads\/2023\/11\/20160426_202039-1.jpg 2048w\" sizes=\"(max-width: 1024px) 100vw, 1024px\" \/><\/figure>\n<\/div>\n\n\n\n<div class=\"wp-block-column is-layout-flow\">\n<figure class=\"wp-block-image size-large\"><img decoding=\"async\" loading=\"lazy\" width=\"1024\" height=\"768\" src=\"https:\/\/www.rekbyt.cz\/wp-content\/uploads\/2023\/11\/20160617_154559-1024x768.jpg\" alt=\"\" class=\"wp-image-499\" srcset=\"https:\/\/www.rekbyt.cz\/wp-content\/uploads\/2023\/11\/20160617_154559-1024x768.jpg 1024w, https:\/\/www.rekbyt.cz\/wp-content\/uploads\/2023\/11\/20160617_154559-300x225.jpg 300w, https:\/\/www.rekbyt.cz\/wp-content\/uploads\/2023\/11\/20160617_154559-768x576.jpg 768w, https:\/\/www.rekbyt.cz\/wp-content\/uploads\/2023\/11\/20160617_154559-1536x1152.jpg 1536w, https:\/\/www.rekbyt.cz\/wp-content\/uploads\/2023\/11\/20160617_154559-1200x900.jpg 1200w, https:\/\/www.rekbyt.cz\/wp-content\/uploads\/2023\/11\/20160617_154559-1980x1485.jpg 1980w, https:\/\/www.rekbyt.cz\/wp-content\/uploads\/2023\/11\/20160617_154559.jpg 2048w\" sizes=\"(max-width: 1024px) 100vw, 1024px\" \/><\/figure>\n<\/div>\n<\/div>\n\n\n\n<div class=\"wp-block-columns is-layout-flex wp-container-17\">\n<div class=\"wp-block-column is-layout-flow\">\n<figure class=\"wp-block-image size-large\"><img decoding=\"async\" loading=\"lazy\" width=\"1024\" height=\"768\" src=\"https:\/\/www.rekbyt.cz\/wp-content\/uploads\/2023\/11\/20160416_104536-1024x768.jpg\" alt=\"\" class=\"wp-image-500\" srcset=\"https:\/\/www.rekbyt.cz\/wp-content\/uploads\/2023\/11\/20160416_104536-1024x768.jpg 1024w, https:\/\/www.rekbyt.cz\/wp-content\/uploads\/2023\/11\/20160416_104536-300x225.jpg 300w, https:\/\/www.rekbyt.cz\/wp-content\/uploads\/2023\/11\/20160416_104536-768x576.jpg 768w, https:\/\/www.rekbyt.cz\/wp-content\/uploads\/2023\/11\/20160416_104536-1536x1152.jpg 1536w, https:\/\/www.rekbyt.cz\/wp-content\/uploads\/2023\/11\/20160416_104536-1200x900.jpg 1200w, https:\/\/www.rekbyt.cz\/wp-content\/uploads\/2023\/11\/20160416_104536-1980x1485.jpg 1980w, https:\/\/www.rekbyt.cz\/wp-content\/uploads\/2023\/11\/20160416_104536.jpg 2048w\" sizes=\"(max-width: 1024px) 100vw, 1024px\" \/><\/figure>\n<\/div>\n\n\n\n<div class=\"wp-block-column is-layout-flow\">\n<figure class=\"wp-block-image size-large\"><img decoding=\"async\" loading=\"lazy\" width=\"1024\" height=\"768\" src=\"https:\/\/www.rekbyt.cz\/wp-content\/uploads\/2023\/11\/20160529_183019-1024x768.jpg\" alt=\"\" class=\"wp-image-502\" srcset=\"https:\/\/www.rekbyt.cz\/wp-content\/uploads\/2023\/11\/20160529_183019-1024x768.jpg 1024w, https:\/\/www.rekbyt.cz\/wp-content\/uploads\/2023\/11\/20160529_183019-300x225.jpg 300w, https:\/\/www.rekbyt.cz\/wp-content\/uploads\/2023\/11\/20160529_183019-768x576.jpg 768w, https:\/\/www.rekbyt.cz\/wp-content\/uploads\/2023\/11\/20160529_183019-1536x1152.jpg 1536w, https:\/\/www.rekbyt.cz\/wp-content\/uploads\/2023\/11\/20160529_183019-1200x900.jpg 1200w, https:\/\/www.rekbyt.cz\/wp-content\/uploads\/2023\/11\/20160529_183019-1980x1485.jpg 1980w, https:\/\/www.rekbyt.cz\/wp-content\/uploads\/2023\/11\/20160529_183019.jpg 2048w\" sizes=\"(max-width: 1024px) 100vw, 1024px\" \/><\/figure>\n<\/div>\n\n\n\n<div class=\"wp-block-column is-layout-flow\">\n<figure class=\"wp-block-image size-large\"><img decoding=\"async\" loading=\"lazy\" width=\"1024\" height=\"768\" src=\"https:\/\/www.rekbyt.cz\/wp-content\/uploads\/2023\/11\/20161010_191406-1024x768.jpg\" alt=\"\" class=\"wp-image-501\" srcset=\"https:\/\/www.rekbyt.cz\/wp-content\/uploads\/2023\/11\/20161010_191406-1024x768.jpg 1024w, https:\/\/www.rekbyt.cz\/wp-content\/uploads\/2023\/11\/20161010_191406-300x225.jpg 300w, https:\/\/www.rekbyt.cz\/wp-content\/uploads\/2023\/11\/20161010_191406-768x576.jpg 768w, https:\/\/www.rekbyt.cz\/wp-content\/uploads\/2023\/11\/20161010_191406-1536x1152.jpg 1536w, https:\/\/www.rekbyt.cz\/wp-content\/uploads\/2023\/11\/20161010_191406-1200x900.jpg 1200w, https:\/\/www.rekbyt.cz\/wp-content\/uploads\/2023\/11\/20161010_191406-1980x1485.jpg 1980w, https:\/\/www.rekbyt.cz\/wp-content\/uploads\/2023\/11\/20161010_191406.jpg 2048w\" sizes=\"(max-width: 1024px) 100vw, 1024px\" \/><\/figure>\n<\/div>\n<\/div>\n\n\n\n<figure class=\"wp-block-gallery has-nested-images columns-default is-cropped wp-block-gallery-18 is-layout-flex\">\n<figure class=\"wp-block-image size-large\"><img decoding=\"async\" loading=\"lazy\" width=\"1024\" height=\"682\" data-id=\"586\"  src=\"https:\/\/www.rekbyt.cz\/wp-content\/uploads\/2024\/09\/Pepa_fotkaPNG-1024x682.png\" alt=\"\" class=\"wp-image-586\" srcset=\"https:\/\/www.rekbyt.cz\/wp-content\/uploads\/2024\/09\/Pepa_fotkaPNG-1024x682.png 1024w, https:\/\/www.rekbyt.cz\/wp-content\/uploads\/2024\/09\/Pepa_fotkaPNG-300x200.png 300w, https:\/\/www.rekbyt.cz\/wp-content\/uploads\/2024\/09\/Pepa_fotkaPNG-768x512.png 768w, https:\/\/www.rekbyt.cz\/wp-content\/uploads\/2024\/09\/Pepa_fotkaPNG-1200x799.png 1200w, https:\/\/www.rekbyt.cz\/wp-content\/uploads\/2024\/09\/Pepa_fotkaPNG.png 1372w\" sizes=\"(max-width: 1024px) 100vw, 1024px\" \/><\/figure>\n\n\n\n<figure class=\"wp-block-image size-large\"><img decoding=\"async\" loading=\"lazy\" width=\"1024\" height=\"682\" data-id=\"587\"  src=\"https:\/\/www.rekbyt.cz\/wp-content\/uploads\/2024\/09\/obr4_v2-1024x682.png\" alt=\"\" class=\"wp-image-587\" srcset=\"https:\/\/www.rekbyt.cz\/wp-content\/uploads\/2024\/09\/obr4_v2-1024x682.png 1024w, https:\/\/www.rekbyt.cz\/wp-content\/uploads\/2024\/09\/obr4_v2-300x200.png 300w, https:\/\/www.rekbyt.cz\/wp-content\/uploads\/2024\/09\/obr4_v2-768x512.png 768w, https:\/\/www.rekbyt.cz\/wp-content\/uploads\/2024\/09\/obr4_v2-1200x799.png 1200w, https:\/\/www.rekbyt.cz\/wp-content\/uploads\/2024\/09\/obr4_v2.png 1372w\" sizes=\"(max-width: 1024px) 100vw, 1024px\" \/><\/figure>\n<\/figure>\n\n\n\n<h2 class=\"wp-block-heading\">Ob\u00fdvac\u00ed pokoj<\/h2>\n\n\n\n<div class=\"wp-block-columns is-layout-flex wp-container-22\">\n<div class=\"wp-block-column is-layout-flow\">\n<figure class=\"wp-block-image size-large\"><img decoding=\"async\" loading=\"lazy\" width=\"1024\" height=\"768\" src=\"https:\/\/www.rekbyt.cz\/wp-content\/uploads\/2023\/11\/IMG_3035-1024x768.jpg\" alt=\"\" class=\"wp-image-506\" srcset=\"https:\/\/www.rekbyt.cz\/wp-content\/uploads\/2023\/11\/IMG_3035-1024x768.jpg 1024w, https:\/\/www.rekbyt.cz\/wp-content\/uploads\/2023\/11\/IMG_3035-300x225.jpg 300w, https:\/\/www.rekbyt.cz\/wp-content\/uploads\/2023\/11\/IMG_3035-768x576.jpg 768w, https:\/\/www.rekbyt.cz\/wp-content\/uploads\/2023\/11\/IMG_3035-1536x1152.jpg 1536w, https:\/\/www.rekbyt.cz\/wp-content\/uploads\/2023\/11\/IMG_3035-2048x1536.jpg 2048w, https:\/\/www.rekbyt.cz\/wp-content\/uploads\/2023\/11\/IMG_3035-1200x900.jpg 1200w, https:\/\/www.rekbyt.cz\/wp-content\/uploads\/2023\/11\/IMG_3035-1980x1485.jpg 1980w\" sizes=\"(max-width: 1024px) 100vw, 1024px\" \/><\/figure>\n<\/div>\n\n\n\n<div class=\"wp-block-column is-layout-flow\">\n<figure class=\"wp-block-image size-large is-resized\"><img decoding=\"async\" loading=\"lazy\" src=\"https:\/\/www.rekbyt.cz\/wp-content\/uploads\/2024\/09\/obr7-1024x682.png\" alt=\"\" class=\"wp-image-589\" width=\"317\" height=\"211\" srcset=\"https:\/\/www.rekbyt.cz\/wp-content\/uploads\/2024\/09\/obr7-1024x682.png 1024w, https:\/\/www.rekbyt.cz\/wp-content\/uploads\/2024\/09\/obr7-300x200.png 300w, https:\/\/www.rekbyt.cz\/wp-content\/uploads\/2024\/09\/obr7-768x512.png 768w, https:\/\/www.rekbyt.cz\/wp-content\/uploads\/2024\/09\/obr7-1200x799.png 1200w, https:\/\/www.rekbyt.cz\/wp-content\/uploads\/2024\/09\/obr7.png 1372w\" sizes=\"(max-width: 317px) 100vw, 317px\" \/><\/figure>\n<\/div>\n<\/div>\n\n\n\n<div class=\"wp-block-columns is-layout-flex wp-container-25\">\n<div class=\"wp-block-column is-layout-flow\">\n<figure class=\"wp-block-image size-large\"><img decoding=\"async\" loading=\"lazy\" width=\"1024\" height=\"768\" src=\"https:\/\/www.rekbyt.cz\/wp-content\/uploads\/2023\/11\/IMG_3037-1024x768.jpg\" alt=\"\" class=\"wp-image-508\" srcset=\"https:\/\/www.rekbyt.cz\/wp-content\/uploads\/2023\/11\/IMG_3037-1024x768.jpg 1024w, https:\/\/www.rekbyt.cz\/wp-content\/uploads\/2023\/11\/IMG_3037-300x225.jpg 300w, https:\/\/www.rekbyt.cz\/wp-content\/uploads\/2023\/11\/IMG_3037-768x576.jpg 768w, https:\/\/www.rekbyt.cz\/wp-content\/uploads\/2023\/11\/IMG_3037-1536x1152.jpg 1536w, https:\/\/www.rekbyt.cz\/wp-content\/uploads\/2023\/11\/IMG_3037-2048x1536.jpg 2048w, https:\/\/www.rekbyt.cz\/wp-content\/uploads\/2023\/11\/IMG_3037-1200x900.jpg 1200w, https:\/\/www.rekbyt.cz\/wp-content\/uploads\/2023\/11\/IMG_3037-1980x1485.jpg 1980w\" sizes=\"(max-width: 1024px) 100vw, 1024px\" \/><\/figure>\n<\/div>\n\n\n\n<div class=\"wp-block-column is-layout-flow\">\n<figure class=\"wp-block-image size-large is-resized\"><img decoding=\"async\" loading=\"lazy\" src=\"https:\/\/www.rekbyt.cz\/wp-content\/uploads\/2024\/09\/obr1-1024x682.png\" alt=\"\" class=\"wp-image-590\" width=\"325\" height=\"216\" srcset=\"https:\/\/www.rekbyt.cz\/wp-content\/uploads\/2024\/09\/obr1-1024x682.png 1024w, https:\/\/www.rekbyt.cz\/wp-content\/uploads\/2024\/09\/obr1-300x200.png 300w, https:\/\/www.rekbyt.cz\/wp-content\/uploads\/2024\/09\/obr1-768x512.png 768w, https:\/\/www.rekbyt.cz\/wp-content\/uploads\/2024\/09\/obr1-1200x799.png 1200w, https:\/\/www.rekbyt.cz\/wp-content\/uploads\/2024\/09\/obr1.png 1372w\" sizes=\"(max-width: 325px) 100vw, 325px\" \/><\/figure>\n<\/div>\n<\/div>\n","protected":false},"excerpt":{"rendered":"<p>Zde prob\u011bhla kompletn\u00ed rekonstrukce bytu. V\u00fdm\u011bna elektrick\u00fdch rozvod\u016f dle aktu\u00e1ln\u00edch p\u0159edpis\u016f a norem v\u010detn\u011b vy\u0159\u00edzen\u00ed nav\u00fd\u0161en\u00ed hodnoty hlavn\u00edho jisti\u010de. N\u00e1hrada \u017eelezn\u00e9ho vodovodn\u00edho potrub\u00ed za PPR. N\u00e1hrada plynov\u00e9ho topen\u00ed WAF za \u00fast\u0159edn\u00ed topen\u00ed vyt\u00e1p\u011bn\u00e9 plynov\u00fdm kotlem. Nov\u00e9 om\u00edtky, v\u00fdmalba, pokl\u00e1dka PVC, dla\u017eby, plovouc\u00ed podlahy, rekonstrukce koupelny a WC. Koupelna Kuchy\u0148 Ob\u00fdvac\u00ed pokoj<\/p>\n","protected":false},"author":1,"featured_media":0,"parent":0,"menu_order":0,"comment_status":"closed","ping_status":"closed","template":"","meta":[],"_links":{"self":[{"href":"https:\/\/www.rekbyt.cz\/index.php\/wp-json\/wp\/v2\/pages\/301"}],"collection":[{"href":"https:\/\/www.rekbyt.cz\/index.php\/wp-json\/wp\/v2\/pages"}],"about":[{"href":"https:\/\/www.rekbyt.cz\/index.php\/wp-json\/wp\/v2\/types\/page"}],"author":[{"embeddable":true,"href":"https:\/\/www.rekbyt.cz\/index.php\/wp-json\/wp\/v2\/users\/1"}],"replies":[{"embeddable":true,"href":"https:\/\/www.rekbyt.cz\/index.php\/wp-json\/wp\/v2\/comments?post=301"}],"version-history":[{"count":19,"href":"https:\/\/www.rekbyt.cz\/index.php\/wp-json\/wp\/v2\/pages\/301\/revisions"}],"predecessor-version":[{"id":592,"href":"https:\/\/www.rekbyt.cz\/index.php\/wp-json\/wp\/v2\/pages\/301\/revisions\/592"}],"wp:attachment":[{"href":"https:\/\/www.rekbyt.cz\/index.php\/wp-json\/wp\/v2\/media?parent=301"}],"curies":[{"name":"wp","href":"https:\/\/api.w.org\/{rel}","templated":true}]}}