{"id":64,"date":"2021-05-04T21:02:24","date_gmt":"2021-05-04T21:02:24","guid":{"rendered":"http:\/\/www.rekbyt.cz\/?page_id=64"},"modified":"2021-05-07T11:24:42","modified_gmt":"2021-05-07T11:24:42","slug":"zednicke-prace","status":"publish","type":"page","link":"https:\/\/www.rekbyt.cz\/index.php\/zednicke-prace\/","title":{"rendered":"Zednick\u00e9 pr\u00e1ce"},"content":{"rendered":"\n<figure class=\"wp-block-image size-large is-resized\"><img decoding=\"async\" loading=\"lazy\" src=\"http:\/\/www.rekbyt.cz\/wp-content\/uploads\/2021\/05\/zednicke-naradi.jpg\" alt=\"\" class=\"wp-image-67\" width=\"553\" height=\"369\" srcset=\"https:\/\/www.rekbyt.cz\/wp-content\/uploads\/2021\/05\/zednicke-naradi.jpg 360w, https:\/\/www.rekbyt.cz\/wp-content\/uploads\/2021\/05\/zednicke-naradi-300x200.jpg 300w\" sizes=\"(max-width: 553px) 100vw, 553px\" \/><\/figure>\n\n\n\n<p>Zajist\u00edme kompletn\u00ed stavebn\u00ed pr\u00e1ce. <\/p>\n\n\n\n<ul id=\"block-f8a67816-5fa4-4b7e-946a-e0e4269da672\"><li>bour\u00e1n\u00ed p\u0159\u00ed\u010dek<\/li><li>j\u00e1drov\u00e9 om\u00edtky, opravy a vyrovn\u00e1n\u00ed zdiva, nata\u017een\u00ed perlinky <\/li><li>nov\u00e9 om\u00edtky &#8211; \u0161tukov\u00e1n\u00ed st\u011bn a strop\u016f<\/li><li>obklady a dla\u017eby<\/li><\/ul>\n\n\n\n<p><\/p>\n","protected":false},"excerpt":{"rendered":"<p>Zajist\u00edme kompletn\u00ed stavebn\u00ed pr\u00e1ce. bour\u00e1n\u00ed p\u0159\u00ed\u010dek j\u00e1drov\u00e9 om\u00edtky, opravy a vyrovn\u00e1n\u00ed zdiva, nata\u017een\u00ed perlinky nov\u00e9 om\u00edtky &#8211; \u0161tukov\u00e1n\u00ed st\u011bn a strop\u016f obklady a dla\u017eby<\/p>\n","protected":false},"author":1,"featured_media":0,"parent":0,"menu_order":0,"comment_status":"closed","ping_status":"closed","template":"","meta":[],"_links":{"self":[{"href":"https:\/\/www.rekbyt.cz\/index.php\/wp-json\/wp\/v2\/pages\/64"}],"collection":[{"href":"https:\/\/www.rekbyt.cz\/index.php\/wp-json\/wp\/v2\/pages"}],"about":[{"href":"https:\/\/www.rekbyt.cz\/index.php\/wp-json\/wp\/v2\/types\/page"}],"author":[{"embeddable":true,"href":"https:\/\/www.rekbyt.cz\/index.php\/wp-json\/wp\/v2\/users\/1"}],"replies":[{"embeddable":true,"href":"https:\/\/www.rekbyt.cz\/index.php\/wp-json\/wp\/v2\/comments?post=64"}],"version-history":[{"count":8,"href":"https:\/\/www.rekbyt.cz\/index.php\/wp-json\/wp\/v2\/pages\/64\/revisions"}],"predecessor-version":[{"id":201,"href":"https:\/\/www.rekbyt.cz\/index.php\/wp-json\/wp\/v2\/pages\/64\/revisions\/201"}],"wp:attachment":[{"href":"https:\/\/www.rekbyt.cz\/index.php\/wp-json\/wp\/v2\/media?parent=64"}],"curies":[{"name":"wp","href":"https:\/\/api.w.org\/{rel}","templated":true}]}}